 4/(24/h)*-2?
5
Suppose 4*w + 48 + 0 = 0. Let u be ((-2)/3)/((-4)/w). What is the units digit of u/((-2)/2) - -6?
8
Let w = 76 + -42. What is the tens digit of w?
3
Suppose 5*y - 3*s + 43 = 0, -2*y + 0*y + s = 17. Let k = y - -19. What is the tens digit of k?
1
Suppose -3*t = -5*u + 24, -t - 9 = 2*t. Let n(f) = -f**3 + 3*f**2 + f. Let w be n(u). Suppose w*r - 28 = r. What is the tens digit of r?
1
What is the units digit of (8/(-6))/((-10)/255)?
4
Let g = -2 + 7. Let f be 1 - -21 - (-3 + g). Suppose -3*m - f = -h, 2*h = h - m. What is the units digit of h?
5
Let d(w) = -23*w + 3. Let p(g) = -24*g + 3. Let x(k) = -4*d(k) + 3*p(k). What is the tens digit of x(2)?
3
Suppose -2*d - 24 = -6*d. Suppose 6 = 5*m - 14. Let t = m + d. What is the units digit of t?
0
Suppose -40 = 4*c + 5*f, 0*f + 11 = -3*c + f. Let l(b) = -2*b + 8. What is the units digit of l(c)?
8
Let g(s) = 3*s**3 - 4*s**2 - 2*s + 6. Let a(d) = 8*d**3 - 11*d**2 - 5*d + 17. Let p(z) = 4*a(z) - 11*g(z). Let r = -6 + 4. What is the units digit of p(r)?
6
Suppose x + w = 147, -x + 5*w = -2*x + 127. What is the units digit of x?
2
Let m = -6 - -14. What is the units digit of m?
8
Let j = -79 - -115. What is the units digit of j?
6
Suppose 4*d - 57 = -21. Suppose d*b - 7*b = 42. What is the units digit of b?
1
Let n = 14 + -1. Suppose -2*b - b = -5*c + n, 0 = -5*b + 20. What is the units digit of (-21)/(-35) - (-67)/c?
4
Let t = 6 - 6. Suppose 0 = -s - 2*l + 4*l + 2, t = -2*l. Suppose 2 = -s*c - 3*f + 11, 0 = c - 2*f - 1. What is the units digit of c?
3
Let f(w) be the first derivative of w**3/3 + 4*w**2 - 2*w - 2. Let m be f(-8). What is the units digit of 0 - -1 - (m - 0)?
3
Let m(h) = 2*h**3 - 13*h**2 - 25*h - 23. Let j(r) = 3*r**3 - 19*r**2 - 38*r - 34. Let b(w) = 5*j(w) - 8*m(w). What is the tens digit of b(10)?
1
Let a be (-4)/3*(-6 + 3). What is the tens digit of (200/16)/(2/a)?
2
Suppose -4*a + 20 = -5*a. Let b be ((-4)/(-10))/((-4)/a). Suppose -2*i + b = -i. What is the units digit of i?
2
What is the tens digit of 939/9 + (-8)/6?
0
Suppose -8*v = -14*v + 30. What is the units digit of v?
5
Let x(m) = -m**3 - 4*m**2 + 7*m - 1. Let a be x(-6). Suppose 3*n - a = 28. What is the units digit of n?
9
Let q = 3 - 5. Let k be 1 - (-3 - 0 - q). Suppose k*v = v + 13. What is the tens digit of v?
1
What is the units digit of ((-9)/2)/(33/(-176))?
4
Let w(z) = -2*z**3 - 3*z**2 - 3. Let i be w(-3). Suppose 0 = -5*o + 2*o + i. Suppose 5*t = 32 + o. What is the units digit of t?
8
Let o = 9 - 7. Suppose o*u = 41 - 1. What is the units digit of u?
0
Let g = -9 + 14. Suppose -4*v = d - 7, 0 = g*v - 4 - 6. What is the units digit of 4 - (d/1 + 3)?
2
Let w be (-3)/2 - (-30)/(-12). What is the units digit of (w/4*1)/(-1)?
1
Let h = -33 - -94. Let i = h - 38. What is the tens digit of i?
2
Let t be (-1104)/4*4/(-8). Let o = t + -95. What is the units digit of o?
3
Suppose 7*m - 563 = -31. What is the tens digit of m?
7
Let p(s) = s**3 - 7*s**2 + 9*s - 5. What is the tens digit of p(6)?
1
Suppose -5 = -h + 8. Let m be 3 + -2 + -3 - 2. Let d = m + h. What is the units digit of d?
9
Suppose 6*n - 3*n - 24 = 0. Let r(p) = p**2 - 8*p + 4. Let g be r(n). Suppose -4*i + 0 + g = -4*a, 9 = 2*i + 5*a. What is the units digit of i?
2
Let v be 1/2*(-4)/(-2). Let q = 9 + v. What is the units digit of q?
0
Suppose 4*r + 0*r = -5*m + 331, -5*r + 335 = 5*m. What is the units digit of m?
3
Suppose 24*k - 406 = 22*k. What is the hundreds digit of k?
2
Let p(r) be the second derivative of -4*r**2 + 3*r + 0 - 4/3*r**3 - 1/12*r**4. What is the units digit of p(-6)?
4
Suppose -12*b + 1115 + 2137 = 0. What is the tens digit of b?
7
Suppose -5*k + 159 - 29 = 0. Let d = k - 15. Suppose 0 = -5*w - d + 31. What is the units digit of w?
4
Let a = 7 + 13. Let t = a - 14. What is the units digit of t?
6
Suppose 11*t - 31 - 2 = 0. What is the units digit of t?
3
Suppose 5*y = v - 174 + 39, 2*v - 2*y = 294. What is the tens digit of v/12*(-8)/(-10)?
1
Let p(n) = 26*n**3 + n**2 - n - 1. What is the tens digit of p(1)?
2
Suppose -43 + 168 = 5*b. What is the units digit of b?
5
Let i be 2 - (-1 - -1) - 0. What is the units digit of (i/(-3))/(1/(-21))?
4
Let z(w) = 2*w - 2. Let j be z(2). Suppose j*l + 2*l = 0. Suppose l = 6*h - h, -h - 10 = -s. What is the units digit of s?
0
Suppose -6 = 5*g + 4. What is the units digit of (g/(-4))/(1/2)?
1
Let i(n) be the third derivative of n**6/360 + n**5/120 + n**4/24 - n**3/6 + n**2. Let m(q) be the first derivative of i(q). What is the units digit of m(0)?
1
Let r = 1 + 0. Let a = r + 21. What is the units digit of a?
2
Let u = 17 + 1. Suppose -2*v = b - u, 4*v - 44 = -2*b - b. What is the units digit of b?
8
Let x(w) = 6*w**2 - 7*w + 26. What is the tens digit of x(5)?
4
Let m(y) = -y**2 - 13*y - 12. Let u be m(-12). Suppose -6 = -3*s - 2*t, -3*s + u = 3*t - 3. Suppose s*x = 54 - 6. What is the units digit of x?
2
Suppose q = 5*q - 8. What is the units digit of (-16)/(-4) + (q - 0)?
6
Let z be (6/(-4))/(3/16). What is the units digit of (z/(-3))/(16/120)?
0
Let s = 15 + -25. Let g be (-1)/4 - 162/(-8). Let b = g + s. What is the units digit of b?
0
Let g be ((-10)/(-15))/((-2)/(-6)). Let z(k) = 10 - k**3 + 7*k**g - 2 + 2*k**3. What is the units digit of z(-7)?
8
Let y(i) be the third derivative of -1/60*i**5 + 0 + 1/24*i**4 + 0*i + 1/120*i**6 + 3*i**2 + 11/6*i**3. What is the units digit of y(0)?
1
Let s(j) = -4*j**3 + 5*j**2 + 9*j + 29. What is the tens digit of s(-4)?
2
Let b = 327 - 197. What is the hundreds digit of b?
1
Let u = 189 + -43. What is the tens digit of u?
4
Let r(c) be the second derivative of 0 - 3*c - 5*c**2 - 1/3*c**3. What is the units digit of r(-8)?
6
Suppose 0 = 2*m + 3*m. Suppose m*u = -2*u + 42. What is the tens digit of u?
2
Let c(s) = s**2 + 3*s - 47. What is the tens digit of c(9)?
6
Let t(y) = 4*y**3 + y**3 - 6*y**3 + 9*y**2 - 1 - 1 + 3*y. What is the units digit of t(9)?
5
Let o = -10 - -11. Suppose -2*z + 7 = -o. What is the units digit of z + (0 + 0)/2?
4
Let o = -22 + 35. Suppose -4*s = -3*j - 17, 0 = 2*s - 4*s + 3*j + o. What is the units digit of s?
2
Suppose p - 5 = -6. What is the tens digit of p + 27 + -3 - 2?
2
Let v(c) = c - c**2 - 15 - 3*c + 11*c + 3*c. Let d be v(10). Suppose d*g + 4*w = 9, 5*g - 4 = w - 0*w. What is the units digit of g?
1
What is the units digit of (0 - 3)/((-12)/12)?
3
Suppose 0 = 4*m - 2 - 10. Suppose -10 = -2*u - m*u. What is the units digit of u?
2
Let m(v) = -11*v + 9 + 1 + 0 + 3*v. What is the tens digit of m(-5)?
5
Let t(c) = 8*c + 14. Let u(r) = -11*r - 13. Let y(n) = -32*n - 39. Let a(f) = -11*u(f) + 4*y(f). Let h(b) = 6*a(b) + 5*t(b). What is the units digit of h(-8)?
8
Let w(t) = -t**3 + 2*t**2 + 4*t - 4. Let z be w(4). Let v = 33 + z. What is the units digit of v?
3
Let j(c) = c + 5. Let y be j(-3). Suppose -2*v + 7*f = 2*f - 3, 2*f = 3*v - 21. Suppose y*o - v = 7. What is the units digit of o?
8
Let c be -2*(2 - 7)*-2. Let s be (0 + c)*(-3)/6. What is the units digit of (-6)/(-15) - (-86)/s?
9
Let d = -147 - -247. What is the tens digit of d?
0
Suppose 10 + 33 = -s. Let c = s + 65. Suppose 4*a + 3*l - c = 0, -a = 4*a + 5*l - 30. What is the units digit of a?
4
Suppose -2*b - 1 = -3*o, -2*b + 4*o - 3 = -1. Let t(u) = 3*u**3 - 2*u + 1. Let g be t(b). Suppose g*x - 3 = -s - 12, x + 1 = -4*s. What is the units digit of s?
1
Let o be (-320)/(-12) - (-6)/(-9). Let t = -9 + o. What is the units digit of t?
7
What is the units digit of 51 + (1 - 1) - (-4 + 4)?
1
Suppose n - 361 = -3*g, -4*n + 297 + 293 = 5*g. What is the hundreds digit of g?
1
Suppose -20 = -n + 6*n - 4*t, n = -3*t + 15. Suppose 5*g + 2*j = 41, n*g = g + 5*j - 22. What is the units digit of g?
7
What is the units digit of (-6 + (-17)/(-3))*(-1 + -17)?
6
Let o = -7 + 11. Suppose 2*r = -i + 6, o = i + 4*r + 2. Suppose i = 2*a - 0*a. What is the units digit of a?
5
Let p(n) = n**2 + 12*n + 21. What is the units digit of p(-14)?
9
What is the units digit of (-2 - 44)/(8/(-4))?
3
Suppose -2*r = -0*r - 4. What is the tens digit of 27*r/3 - 1?
1
Suppose -3*h = h - 56. Let p = 20 - h. What is the units digit of p?
6
Let p = -4 - -1. Let f = 4 + p. What is the units digit of (-5)/(-1) + 2*f?
7
Suppose 0 = -2*o - 2*o - 2*u, -5*o + 30 = -5*u. Suppose -b + 5*m - o*m =